{"id":279,"date":"2021-01-16T16:29:42","date_gmt":"2021-01-16T16:29:42","guid":{"rendered":"https:\/\/xn--jennerweinschtzen-siegensdorf-xbd.de\/wordpress\/?page_id=279"},"modified":"2026-03-31T18:11:02","modified_gmt":"2026-03-31T17:11:02","slug":"jennerweinschuetzen-siegensdorf-e-v","status":"publish","type":"page","link":"https:\/\/www.xn--jennerweinschtzen-siegensdorf-xbd.de\/","title":{"rendered":"Jennerweinsch\u00fctzen Siegensdorf e.V."},"content":{"rendered":"\n<p class=\"has-text-align-center\" style=\"font-size:40px\">Herzlich Willkommen auf der Homepage Jennerweinsch\u00fctzen Siegensdorf e.V <\/p>\n\n\n\n<p class=\"has-text-align-center\" style=\"font-size:40px\">Viele gl\u00fcckliche Gesichter am Siegensdorfer Kinderfasching<\/p>\n\n\n\n<p>Erneut waren die 160 Karten innerhalb von einem Tag vergriffen. P\u00fcnktlich um 12:00 Uhr kamen die ersten G\u00e4ste ins liebevoll geschm\u00fcckte Sch\u00fctzenheim. Die K\u00fcche versorgte die Familien mit Currywurst und Schnitzel mit Pommes. F\u00fcr die S\u00fc\u00dfen lie\u00df das abwechslungsreiche Kuchenbuffet keine W\u00fcnsche offen. Kurz nach 12:30 Uhr er\u00f6ffnete Sch\u00fctzenmeister Martin Schweiberger als Clown den Kinderfasching und \u00fcbernahm sogleich das Unterhaltungsprogramm. Es wurde viel getanzt und die Kinder waren bei den Spielen mit Feuereifer dabei. Still wurde es um 14 Uhr, als die Dingolfinger Kindergarde samt Prinzenpaar einzog. H\u00f6hepunkt dabei war das Kinder-Prinzenpaar, welches dieses Jahr zum ersten Mal am Start war. Gespannt verfolgten die Kinder das Geschehen und die Maskenpr\u00e4mierung f\u00fcr die drei sch\u00f6nsten Verkleidungen. Der Pandab\u00e4r wurde als Erstplatzierter von der Kindergarde abgeholt und bekam vom Prinzenpaar einen Faschingsorden verliehen. Weitere Highlights waren der Luftballonregen mit \u00fcber 200 Luftballons sowie das Schokokuss-Wettessen f\u00fcr Klein und Gro\u00df.<\/p>\n\n\n\n<figure class=\"wp-block-image size-large\"><img loading=\"lazy\" decoding=\"async\" width=\"1024\" height=\"768\" src=\"https:\/\/www.xn--jennerweinschtzen-siegensdorf-xbd.de\/wp-content\/uploads\/2026\/02\/IMG_7542-1024x768.jpeg\" alt=\"\" class=\"wp-image-1093\" srcset=\"https:\/\/www.xn--jennerweinschtzen-siegensdorf-xbd.de\/wp-content\/uploads\/2026\/02\/IMG_7542-1024x768.jpeg 1024w, https:\/\/www.xn--jennerweinschtzen-siegensdorf-xbd.de\/wp-content\/uploads\/2026\/02\/IMG_7542-300x225.jpeg 300w, https:\/\/www.xn--jennerweinschtzen-siegensdorf-xbd.de\/wp-content\/uploads\/2026\/02\/IMG_7542-768x576.jpeg 768w, https:\/\/www.xn--jennerweinschtzen-siegensdorf-xbd.de\/wp-content\/uploads\/2026\/02\/IMG_7542-1536x1152.jpeg 1536w, https:\/\/www.xn--jennerweinschtzen-siegensdorf-xbd.de\/wp-content\/uploads\/2026\/02\/IMG_7542-2048x1536.jpeg 2048w, https:\/\/www.xn--jennerweinschtzen-siegensdorf-xbd.de\/wp-content\/uploads\/2026\/02\/IMG_7542-1200x900.jpeg 1200w, https:\/\/www.xn--jennerweinschtzen-siegensdorf-xbd.de\/wp-content\/uploads\/2026\/02\/IMG_7542-1980x1485.jpeg 1980w\" sizes=\"auto, (max-width: 1024px) 100vw, 1024px\" \/><figcaption class=\"wp-element-caption\">Die Kindergarde der Narhalla Dingolfing mit deren Prinzenpaaren mit den 3 Erstplatzierten Verkleidungen: 3. Gorilla Christian, 2. Pfau Ida und 1. Panda Simon<\/figcaption><\/figure>\n\n\n\n<p class=\"has-text-align-center\" style=\"font-size:40px\">\u00a0Jennerweinsch\u00fctzen mit erfolgreichem Durchgang<\/p>\n\n\n\n<p>Am Freitag traten die vier Luftgewehrmannschaften zum neunten Durchgang der Runde an<\/p>\n\n\n\n<p>Siegensdorf 1 verteidigte mit einem klaren 1499:1442-Erfolg die Tabellenf\u00fchrung. \u00dcberragend war dabei erneut Christine Kn\u00f6gler mit 397 Ringen. Heute erzielten Angelina Meier 373, Martin, Schweiberger 365 und Magdalena Heitzer 364 Ringe.<\/p>\n\n\n\n<p>Ebenfalls erfolgreich mal Siegensdorf 2 mit 1420 zu 1412 Ringen in Holztraubach. Es schossen Patrick Gombert 367, Florian Schweiberger 366, Thomas Wagner 365 und Veronika K\u00f6llnberger 322 Ringe.<\/p>\n\n\n\n<p>Weniger Erfolg hatte die dritte Mannschaft zu Hause gegen Ettenkofen und verlor mit 1030:1054-Ringen. Dabei war Simon Biederer mit 268 Ringen, bester Sch\u00fctze. Weiter erzielten Martin Bergwinkel 264, Daniel, Winklmeier 251 und Michael H\u00fcttner 247 Ringe. Damit ben\u00f6tigt die dritte Mannschaft im letzten Durchgang zwingend einen Sieg, um eine Chance auf den Klassenerhalt zu haben.<\/p>\n\n\n\n<p>Besser ging es der vierten Mannschaft beim 1018:964-Erfolg gegen Ettenkofen. \u00dcbertragen der Sch\u00fctze war Thomas Wagner mit 282 Ringen. Es folgten Christoph Gombert mit 259, Johanna Grieger mit 243 und Barbara Heitzer mit 234 Ringen. Nicht mehr in die Wertung schaffte es Lukas Wagner um 224 Ringen.<\/p>\n","protected":false},"excerpt":{"rendered":"<p>Herzlich Willkommen auf der Homepage Jennerweinsch\u00fctzen Siegensdorf e.V Viele gl\u00fcckliche Gesichter am Siegensdorfer Kinderfasching Erneut waren die 160 Karten innerhalb von einem Tag vergriffen. P\u00fcnktlich um 12:00 Uhr kamen die ersten G\u00e4ste ins liebevoll geschm\u00fcckte Sch\u00fctzenheim. Die K\u00fcche versorgte die Familien mit Currywurst und Schnitzel mit Pommes. F\u00fcr die S\u00fc\u00dfen lie\u00df das abwechslungsreiche Kuchenbuffet keine [&hellip;]<\/p>\n","protected":false},"author":1,"featured_media":0,"parent":0,"menu_order":0,"comment_status":"closed","ping_status":"closed","template":"","meta":{"footnotes":""},"class_list":["post-279","page","type-page","status-publish","hentry"],"_links":{"self":[{"href":"https:\/\/www.xn--jennerweinschtzen-siegensdorf-xbd.de\/index.php\/wp-json\/wp\/v2\/pages\/279","targetHints":{"allow":["GET"]}}],"collection":[{"href":"https:\/\/www.xn--jennerweinschtzen-siegensdorf-xbd.de\/index.php\/wp-json\/wp\/v2\/pages"}],"about":[{"href":"https:\/\/www.xn--jennerweinschtzen-siegensdorf-xbd.de\/index.php\/wp-json\/wp\/v2\/types\/page"}],"author":[{"embeddable":true,"href":"https:\/\/www.xn--jennerweinschtzen-siegensdorf-xbd.de\/index.php\/wp-json\/wp\/v2\/users\/1"}],"replies":[{"embeddable":true,"href":"https:\/\/www.xn--jennerweinschtzen-siegensdorf-xbd.de\/index.php\/wp-json\/wp\/v2\/comments?post=279"}],"version-history":[{"count":107,"href":"https:\/\/www.xn--jennerweinschtzen-siegensdorf-xbd.de\/index.php\/wp-json\/wp\/v2\/pages\/279\/revisions"}],"predecessor-version":[{"id":1111,"href":"https:\/\/www.xn--jennerweinschtzen-siegensdorf-xbd.de\/index.php\/wp-json\/wp\/v2\/pages\/279\/revisions\/1111"}],"wp:attachment":[{"href":"https:\/\/www.xn--jennerweinschtzen-siegensdorf-xbd.de\/index.php\/wp-json\/wp\/v2\/media?parent=279"}],"curies":[{"name":"wp","href":"https:\/\/api.w.org\/{rel}","templated":true}]}}